 r.
1
Let g = -6 + 8. Suppose 0 = 3*c - i - 13, 0 = -2*c - g*i + 33 - 11. Let j(d) = 4*d**2 - 3*d - 3. Let u be j(3). Calculate the greatest common factor of c and u.
6
Let y be (14/(-6))/((-1)/36). Let a be -1 + 2 - 60/(-3). Calculate the highest common factor of y and a.
21
Let y(b) = 3*b**3 - 5*b**2 + 6*b - 4. Let a be y(2). Calculate the greatest common divisor of a and 9.
3
Suppose -3*p - 113 = 121. Let q = p + 130. Calculate the highest common factor of 13 and q.
13
Let l = 76 - 124. Suppose 174 = -6*k - 312. Let y = l - k. What is the greatest common factor of 22 and y?
11
Let z = 2 + 9. Suppose -3*r + b + 3*b = -49, 5*r = -2*b + 47. What is the greatest common divisor of r and z?
11
Let s = 16 - 11. Suppose 4*u + 2 = 18, -s*u - 20 = -5*x. Suppose -6*l + 200 = -l. What is the greatest common divisor of x and l?
8
Let w be ((-2)/2)/((-2)/6). What is the highest common factor of w and 9?
3
Let u be 317/6 + (-3)/(-18). Suppose 2*f - 3*o - u = -2*f, 2*f + 2*o - 16 = 0. Calculate the highest common divisor of 121 and f.
11
Let m be (13/2 - -1) + (-6)/4. Calculate the greatest common factor of m and 66.
6
Let c(k) = -k**3 - 8*k**2 - 8*k - 4. Let v be c(-7). Let h be 1/v - 220/(-15). What is the highest common factor of 165 and h?
15
Suppose -2*b - b + 231 = 0. What is the highest common divisor of b and 7?
7
Let f be (-318)/(-24) + (-1)/4. Suppose -4*g - 39 - f = 0. Let d be (2 - (0 + g)) + 0. Calculate the greatest common divisor of d and 5.
5
Let w(t) = 2*t**2 + 2*t + 6. Let u be w(6). Let o(p) = p**2 + 5*p - 26. Let k be o(-9). Calculate the greatest common divisor of k and u.
10
Let v(y) = -y**3 - 18*y**2 + y + 26. Let u be v(-18). Calculate the greatest common factor of u and 32.
8
Suppose 384 = 3*u - 0*u. Suppose -3*w + w + 32 = 0. Calculate the greatest common divisor of u and w.
16
Let g(d) = -d**2 + 12*d + 16. Let t be g(13). Suppose 5*n + 9 = 54. Let l = 0 + n. What is the highest common factor of t and l?
3
Let l be 113/(-7) - (-1)/7. Let w be ((-8)/l)/(2/40). What is the highest common divisor of 80 and w?
10
Suppose -2*n + 0*n - 14 = 0. Let y be 1485/35 + 3/n. What is the greatest common factor of 14 and y?
14
Suppose 0 = -3*h + 7*h - 4*p - 12, h - 3*p = 7. What is the greatest common divisor of h and 1?
1
Suppose 4*b = -b + 25. Calculate the greatest common divisor of b and 15.
5
Let d be (3 - 6)*(-92)/6. Let c = d + -28. Let v = -11 + c. What is the highest common divisor of v and 63?
7
Let r be (-1)/4 + (-1272)/(-96). What is the highest common factor of r and 13?
13
Suppose -m - 3 = l - 11, 3*m - 31 = 4*l. Let j(c) = -c**3 - 8*c**2 - 14*c + 6. Let k be j(-6). Calculate the highest common factor of k and m.
9
Let l be (-18)/(7/(-2) - -2). Let g(m) = -6*m + 1 + 0*m**2 + 5*m**2 + 0*m**2. Let b be g(5). Calculate the greatest common divisor of b and l.
12
Suppose 2*g - 5*s - 160 = 0, 3*g + 6*s = 4*s + 221. Suppose 4*x = 2*d - d - 10, 2*x = -3*d + 100. What is the highest common divisor of d and g?
15
Suppose 6*n = 2*n + 16. Let l be 166/6 - 2/3. Suppose 0 = -n*w - l + 79. Calculate the highest common factor of 78 and w.
13
Let i be (36/(-45))/((-4)/30). Let q(d) = 2*d + 8. Let j be q(i). What is the highest common divisor of 4 and j?
4
Let f(t) = t**2 - t - 1. Let l be f(-4). Let d be l - (-3)/(-3) - 2. Let z be (40/(-3))/((-5)/15). What is the highest common factor of z and d?
8
Suppose 2*m - 5 = 3*m. Let j = m + 8. Suppose 4*n - 36 = -4*a, -a + 2*n - 7*n = 3. Calculate the highest common divisor of j and a.
3
Let l(o) = o**3 - 5*o**2 - 4*o - 8. Let w be l(6). Suppose -4 = -w*y, -3*r - 2*y + y = -49. Calculate the highest common divisor of 32 and r.
16
Suppose -3*a = a. Suppose p - 9 - 83 = a. What is the highest common divisor of p and 23?
23
Let y = 395 + -134. Calculate the highest common divisor of 29 and y.
29
Let m = 108 - 31. Let b be 2/6 - 16/(-6). Suppose 10 = b*r - 11. What is the greatest common factor of m and r?
7
Suppose l = 6*l - 10. Let u(y) = -y**2 + 5*y - 4. Let j be u(3). Calculate the highest common divisor of j and l.
2
Suppose 2*k - 34 = 5*d, 4*k - 34 = 2*k - 4*d. Suppose -2*l = -1 - k. Suppose -b - l = -o, -2 + 5 = -o + 5*b. What is the highest common divisor of 18 and o?
6
Let b(j) = -11*j**3 - 7*j**2 + 12*j - 7*j**2 + 10*j**3 + 3*j**2 + 1. Let r be b(-12). What is the greatest common factor of 8 and r?
1
Let i(z) = -z**3 - 5*z**2 + 12*z - 5. Let m be i(-7). Calculate the highest common factor of 36 and m.
9
Let w be (-36)/(-4) - -1*3. Let p = 6 - w. Let v be 6/(-18) + (-80)/p. Calculate the highest common divisor of v and 143.
13
Suppose -17 + 7 = -5*j. Suppose 5*d + 7 = -4*h, -2*h + d + 4 = -3. Suppose 3*i - 10 - h = 0. Calculate the greatest common factor of j and i.
2
Let i = 67 - 35. Suppose y - i = -3*y. What is the greatest common divisor of y and 40?
8
Suppose -5*s + 6 = 1, p = s + 92. Calculate the greatest common divisor of p and 62.
31
Let b be -1*-1*(15 - 3). Calculate the greatest common divisor of b and 18.
6
Suppose 3*g - 48 = 156. What is the highest common factor of g and 102?
34
Let m(c) = -c**2 - 1. Let h(z) = 3*z. Let l(v) = -h(v) - 3*m(v). Let i be l(3). Calculate the highest common divisor of 42 and i.
21
Let r be ((-3)/2)/3*4. Let m be (-1)/(-2)*6 + r. Let s be 10 - m*(0 + -2). Calculate the highest common factor of 12 and s.
12
Suppose -14 - 2 = -4*n. Suppose -2*r + n = 2. What is the highest common factor of 1 and r?
1
Let b(n) be the third derivative of 2*n**5/15 + n**4/24 + 2*n**2. Let w be b(2). Calculate the highest common factor of 17 and w.
17
Suppose 3*f = o + 27, -o + 36 = 5*f - 9. Let d be 9*(51/f + -3). Calculate the highest common divisor of d and 3.
3
Let a = 1 - -1. Suppose a*o - 313 - 61 = 0. Calculate the highest common factor of 17 and o.
17
Suppose -2*t - 3*h = -96, 4*h = 4*t + h - 156. Calculate the greatest common divisor of 7 and t.
7
Suppose 5*w + 6 = q - 3, 3*w = -q - 15. Let u be (-14)/(-4)*(q - -8). Calculate the greatest common factor of 63 and u.
7
Let c(w) = 1 + 10 - 4 + 27*w + 2. Let j be c(4). Let p be -13*(-2 + (-3)/(-3)). Calculate the highest common factor of p and j.
13
Suppose -2*u + 3*i = -95, -3*i = u + i - 64. What is the highest common factor of u and 78?
26
Suppose -234 = 13*y - 22*y. Let g(m) = 5*m**2 - 5*m + 5. Let r be g(4). What is the greatest common factor of y and r?
13
Suppose -2*o = 2*o - 8. Let w(t) = -t**2 - 9*t - 2. Let a be w(-6). Calculate the highest common factor of o and a.
2
Suppose f + 2*g - 5 = 6*g, 5*g - 75 = -5*f. Suppose -5*o + 92 = -o. Let z = o - -68. What is the highest common factor of z and f?
13
Suppose 0 = -3*f + 46 - 4. Let c be 7/5 - 2/5. Let r = c - -20. What is the greatest common factor of f and r?
7
Suppose -51 - 17 = -4*s. Suppose -2*p = 4*v - 14, -4*p + s = -p + 4*v. Suppose -75 = -5*c + 60. Calculate the highest common factor of c and p.
3
Suppose 0 = -4*s + 4*g + 32, -2*g - 24 = 2*s - 6*s. Suppose -128 = -6*u + 2*u. What is the highest common divisor of s and u?
4
Let r(d) = 11*d**2 - d + 2. Let v be r(3). What is the highest common divisor of v and 14?
14
Let j(v) = -v**2 - 3*v + 30. Let n be j(0). Calculate the highest common divisor of n and 120.
30
Let j be 3/(-9) + (-37)/(-3). Calculate the highest common factor of 18 and j.
6
Suppose w - 3*g = -0*w - 85, -403 = 5*w - 4*g. Let j = w + 154. Let m(s) = 4*s**2 + 3*s + 3. Let t be m(-3). Calculate the highest common factor of t and j.
15
Let b be (-106)/(-8) + 15/20. Calculate the greatest common divisor of 35 and b.
7
Let a be 6/(-15) - 62/(-5). Let o be 0 - (12*5)/(-2). Calculate the greatest common factor of o and a.
6
Suppose 0 = 33*o - 40*o + 1666. What is the highest common divisor of 14 and o?
14
Let d = 11 - -5. Calculate the highest common divisor of 48 and d.
16
Suppose -7*o - 11 = -137. What is the greatest common factor of 36 and o?
18
Let z(s) = -s + 4. Let m be z(-4). What is the highest common factor of 2 and m?
2
Let s(h) = 4*h - 21. Let a be s(11). Calculate the greatest common divisor of 184 and a.
23
Suppose 0 = t + t + b + 3, 2*b + 6 = 2*t. Suppose t*n = 3*n - 12. Calculate the greatest common divisor of 24 and n.
4
Let h(u) = 3*u + 1. Suppose -10 + 0 = -2*q + 4*k, 0 = -q + 5*k + 5. Let r be h(q). Calculate the greatest common 